62/1. Let z = 53 - w. What are the prime factors of z?
5, 23
Let w = 17466 - 12228. Suppose w = 5*y + x - 0*x, y = 2*x + 1052. What are the prime factors of y?
2, 131
Suppose -6 = -3*u, -18*u + 15*u = 4*y - 158. Let p(z) = -z**3 + 39*z**2 - 20*z + 49. What are the prime factors of p(y)?
733
Let y = -5 - -9. Let o(h) = 11 + 11*h + 0*h - 5*h - y*h. What are the prime factors of o(12)?
5, 7
Let v be (-2046)/7 - 8/(-28). Let n = v - -427. Let f = n - 38. List the prime factors of f.
97
Let h be -1*5/(30/(-1284)). Suppose 775 = 4*y - 5*g, -h = -2*y + g + 181. List the prime factors of y.
2, 5
Let u be 9/2*(-416)/(-468). Suppose -3 = u*o + 9, -3*o = 2*n - 51. What are the prime factors of n?
2, 3, 5
Let t(p) = 1400*p**2 - 8*p - 32. Let w be t(-4). Suppose w = m + 55*m. List the prime factors of m.
2, 5
Let z(f) = -f**2 + 16*f + 9. Let b be z(13). Suppose -b + 10 = -2*x. What are the prime factors of x + 1 + (5 - 4)?
3, 7
Let o(h) = h**2 + 3*h. Let n be o(-8). Let r(w) = -w**3 - 4*w**2 - 2*w + 10. Let l be r(-5). Suppose l*q = n*q + 200. List the prime factors of q.
2, 5
Let r = 460 + -891. Let b = r - -802. List the prime factors of b.
7, 53
Let c(w) be the third derivative of 53*w**4/24 + 67*w**3/3 + 49*w**2. List the prime factors of c(11).
3, 239
Let m = 9663 - 879. What are the prime factors of m?
2, 3, 61
Suppose 2*o - 5*q - 16860 = 0, 3*q + 2349 = o - 6083. Suppose o = 15*z - 5*z. List the prime factors of z.
2, 421
Suppose -5*o + 10*w + 105 = 6*w, 0 = -o + 3*w + 32. Suppose o*f + 6*f = 7843. List the prime factors of f.
11, 31
Let r(n) = -1154*n + 2108. What are the prime factors of r(-13)?
2, 5, 29, 59
Suppose 4*r = -5*i + 35250, r = -3*r. List the prime factors of i.
2, 3, 5, 47
Let c(f) = -2*f**2 + 14*f - 9. Let h be c(6). List the prime factors of 5*56 + (1 - h).
2, 139
Let y = 16395 - 8471. What are the prime factors of y?
2, 7, 283
Let q = 54 + -51. Let y(m) = -q*m**3 + 7*m**3 - 2*m - 5*m**3 + 37 + m**2 - 16. What are the prime factors of y(0)?
3, 7
Let y be (-1956)/14 - 6/21. Let h be ((-192)/432)/(4/(-162)). What are the prime factors of (h/10 - 3)/(1/y)?
2, 3, 7
Let o be (-1)/2 + 7956/72. Suppose o*x = 95*x + 13950. List the prime factors of x.
2, 3, 5, 31
Suppose 0 = -58*q + 59*q + 112. Suppose 2*l - 26 = 4*d, 67 = 3*l - d + 2*d. What are the prime factors of q/l*6/(-4)?
2
Suppose -4905 + 33855 = 25*j. List the prime factors of j.
2, 3, 193
Suppose 22*a = 32*a + 41*a - 629697. What are the prime factors of a?
12347
Let n(k) = k**2 + 19*k + 17. Let a be n(-18). Let i(s) = -9*s + 21. List the prime factors of i(a).
2, 3, 5
Let s be 18/12 + -1 + 13/2. Suppose 4*f - 46 = 5*o, -2*f + 3*o + 15 = -s. List the prime factors of f.
2, 7
What are the prime factors of (-6)/((-204876)/(-68306) + -3)?
2, 7, 17, 41
Let q(m) = -1. Let k(d) = -d**2 + 22*d - 14. Suppose z + 0 = 4*s + 6, 2*s = -z. Let x(y) = s*k(y) + 3*q(y). List the prime factors of x(24).
59
Suppose -65*m = 14*m - 750658. List the prime factors of m.
2, 4751
Suppose -38*z + 208 = -46*z. What are the prime factors of (1/(-2))/(z/21060)?
3, 5
Let j(s) = s**2 + 143*s + 1512. List the prime factors of j(112).
2, 3, 7, 179
Suppose -3*g + 31051 = -12182. What are the prime factors of g?
14411
Let n(v) = -7*v**2 + 5*v + 147. Let o(x) = -10*x**2 + 4*x + 147. Let s(p) = 5*n(p) - 4*o(p). What are the prime factors of s(-14)?
7, 11, 13
Suppose 5*f - 610333 = -7*v, 0 = 38*v - 43*v - f + 435965. What are the prime factors of v?
2, 43597
Let d be 1*((2 - 3) + -2). Let o be 3 - 3 - 9/d. What are the prime factors of 0 + o - (6 + -13 - 76)?
2, 43
Suppose 0 = 8*p - 0*p - 320. Let c = 28 - 23. Suppose 4*y + p = c*y. List the prime factors of y.
2, 5
Suppose -977323 + 300162 = -130*w + 730739. List the prime factors of w.
2, 3, 5, 19
Suppose 0 = 4*z - 2*i - 977 - 247, -918 = -3*z + 4*i. Let a = 651 - z. List the prime factors of a.
3, 5, 23
Let g(p) = 4 + 146*p**2 + 71*p + 69*p - 136*p. Let x be g(-2). Suppose x = -6*i + 1978. List the prime factors of i.
233
What are the prime factors of ((-5038)/(-6))/(1/3) + 1?
2, 3, 5, 7
Let m(f) = f**2. Let h be m(2). Suppose 2*c + 1011 = h*l - 1295, -1165 = -2*l + 5*c. Let n = -360 + l. What are the prime factors of n?
5, 43
Suppose -4*u = -447 - 33. What are the prime factors of u/(-50)*(-390)/4?
2, 3, 13
Let p(y) = 23*y**2 + 1401*y - 28. List the prime factors of p(-64).
2, 1129
Let y = -6916 + 9463. List the prime factors of y.
3, 283
Let z = 9558 + -5648. List the prime factors of z.
2, 5, 17, 23
Suppose -s - 31 + 29 = 0. Let h be 9/4*(2*s)/1. Let x(m) = -3*m + 25. What are the prime factors of x(h)?
2, 13
Let w be (9 - -1)*14/5. Let j be 2616/w - (2 + 72/(-28)). Suppose 2*n - 184 = -2*k, -2*k + j = -k - n. List the prime factors of k.
3, 31
List the prime factors of 3 + (-100)/34 + (-966100)/(-170).
5683
Let b be 13/11 - 1 - (-43220)/55. List the prime factors of b + (6 - 2 - 4).
2, 3, 131
Let s be 4/34 + ((-400)/(-68) - -3). Suppose 0 = s*m + 621 - 3060. What are the prime factors of m?
271
Suppose -10*r + 55864 + 78656 = 0. What are the prime factors of r?
2, 3, 19, 59
Let g = 1102 + -1984. Let s = g - -1491. List the prime factors of s.
3, 7, 29
Suppose 3*t - 152010 = -4*o, 50708 = t + 27*o - 32*o. List the prime factors of t.
2, 25339
Suppose -z - 18 = -4*z. Suppose z*k - 364 = -142. Suppose 3*w + 3*d - 57 = 0, -3*d + k = -0*w + 2*w. What are the prime factors of w?
2, 5
What are the prime factors of (1335 - 260) + (-1)/(1/13)?
2, 3, 59
Let u be (912 + -6)*3/(-9). Let f = u + 613. What are the prime factors of f?
311
Let n = 2775 - 440. Let k = -1102 + n. What are the prime factors of k?
3, 137
Let z be 0 - (-13 - -17 - 4). Suppose -4*w = 3*g - 2536, g - 4*g = w - 2551. Suppose 9*v - 5*v - g = z. List the prime factors of v.
3, 71
Let d be -1 + -3 - 21/(-3). Suppose 5*i - 6 = o + 3, -7 = d*o + 5*i. List the prime factors of 7*5 + 0 + o.
31
Suppose -13*u + 15*u = 8354. Suppose -u - 5081 = -6*o. What are the prime factors of o?
1543
Let c(v) = v**2 - v + 16. Let n be c(-10). Suppose n = 2*q - 3*z - 373, 2*z - 10 = 0. List the prime factors of q.
257
Let y = -14741 + 24297. What are the prime factors of y?
2, 2389
Let v(y) = 61*y + 125. Let f be v(-2). Suppose 4*h - 7*h + 5*d = -5167, -f*d - 5157 = -3*h. What are the prime factors of h?
2, 857
Suppose -5*o - 17 = -2, 18 = h - 4*o. Let f = 9 - h. Suppose f*a - 28 = 83. List the prime factors of a.
37
Let u be (-8 + 10)/((-3)/(-3)). Suppose 0 = -2*t - a + 244, t + t - 248 = -u*a. List the prime factors of 17896/t - 4/30.
149
Suppose -16*h = 11*h - 81. Suppose -10*o = 5*t - 12*o - 2515, -1530 = -h*t - 3*o. List the prime factors of t.
5, 101
Suppose 3*z + 34780 = 8*z. Let a = -9761 + z. What are the prime factors of (-9)/(-21) + a/(-21)?
2, 67
List the prime factors of 7/(-2)*(-3553 + -25).
7, 1789
Let v(m) be the second derivative of 0 - 10*m + 1/12*m**4 - 5/2*m**2 + 3*m**3. What are the prime factors of v(-19)?
2, 7
Let n(s) = -s**3 - 2*s**2 + 2*s + 7. Let y be n(-3). Let h = y + -5. Suppose 4*k + 41 - 397 = -h*z, -3*z = 5*k - 432. List the prime factors of k.
2, 3, 7
Let c(b) = 2*b + 37. Let a be c(-17). Suppose -2*f + 730 = -a*p + 7*p, -4*f + 3*p = -1449. What are the prime factors of f?
3, 11
Let o = 2113 - 3990. Let w = -391 - o. List the prime factors of w.
2, 743
Let s be (4 - 5)*(13 - 0). Let r(n) be the second derivative of -7*n**3/3 - 23*n**2/2 - 9*n + 2. What are the prime factors of r(s)?
3, 53
Let f(k) = -k**2 + 14*k - 20. Let p be f(11). List the prime factors of (351/(-45))/p*(-214 - 1).
3, 43
Let l(a) = 4181*a**3 + 2*a**2 + 9*a + 2. What are the prime factors of l(2)?
2, 8369
What are the prime factors of (-630)/(-105)*(-1)/(3/(-2693))?
2, 2693
Let k(n) = n**3 + 17*n**2 + 28*n - 25. Let c be k(-15). Suppose 2*l - 810 = -4*g, 3*g + 1 = -c. What are the prime factors of l?
409
Let l(h) = -66*h + 35*h + 30*h - 1. Let d(s) = -4*s - 11. Let z(k) = -d(k) + 5*l(k). What are the prime factors of z(-5)?
11
Let o(k) = 73*k**2 - 5*k - 8. What are the prime factors of o(4)?
2, 3, 5, 19
Suppose 6*f - 986 - 2056 = 0. What are the prime factors of (f + 1 + -6)/(2/3)?
3, 251
Let m = 65 - 75. What are the prime factors of (-3)/(-5) + (-2781)/(-15) + m?
2, 11
Suppose -3*m + 683 = -4*q, m - 457 = -m + q. S